{"id":370,"date":"2023-05-01T14:32:22","date_gmt":"2023-05-01T12:32:22","guid":{"rendered":"https:\/\/annarom.hu\/?page_id=370"},"modified":"2023-11-01T17:05:29","modified_gmt":"2023-11-01T16:05:29","slug":"aroma-coaching","status":"publish","type":"page","link":"https:\/\/annarom.hu\/?page_id=370","title":{"rendered":"Aroma-coaching"},"content":{"rendered":"\t\t<div data-elementor-type=\"wp-page\" data-elementor-id=\"370\" class=\"elementor elementor-370\">\n\t\t\t\t\t\t<section class=\"elementor-section elementor-top-section elementor-element elementor-element-5ce5ff5 elementor-section-boxed elementor-section-height-default elementor-section-height-default\" data-id=\"5ce5ff5\" data-element_type=\"section\" data-e-type=\"section\">\n\t\t\t\t\t\t<div class=\"elementor-container elementor-column-gap-default\">\n\t\t\t\t\t<div class=\"elementor-column elementor-col-50 elementor-top-column elementor-element elementor-element-5928868\" data-id=\"5928868\" data-element_type=\"column\" data-e-type=\"column\">\n\t\t\t<div class=\"elementor-widget-wrap elementor-element-populated\">\n\t\t\t\t\t\t<div class=\"elementor-element elementor-element-4afea53 elementor-widget elementor-widget-heading\" data-id=\"4afea53\" data-element_type=\"widget\" data-e-type=\"widget\" data-widget_type=\"heading.default\">\n\t\t\t\t<div class=\"elementor-widget-container\">\n\t\t\t\t\t<h2 class=\"elementor-heading-title elementor-size-default\">Annarom<\/h2>\t\t\t\t<\/div>\n\t\t\t\t<\/div>\n\t\t\t\t\t<\/div>\n\t\t<\/div>\n\t\t\t\t<div class=\"elementor-column elementor-col-50 elementor-top-column elementor-element elementor-element-0963c55\" data-id=\"0963c55\" data-element_type=\"column\" data-e-type=\"column\">\n\t\t\t<div class=\"elementor-widget-wrap elementor-element-populated\">\n\t\t\t\t\t\t<div class=\"elementor-element elementor-element-fc58fda elementor-widget elementor-widget-heading\" data-id=\"fc58fda\" data-element_type=\"widget\" data-e-type=\"widget\" data-widget_type=\"heading.default\">\n\t\t\t\t<div class=\"elementor-widget-container\">\n\t\t\t\t\t<h2 class=\"elementor-heading-title elementor-size-small\">Eg\u00e9szs\u00e9gfejleszt\u00e9s egyszer\u0171en<\/h2>\t\t\t\t<\/div>\n\t\t\t\t<\/div>\n\t\t\t\t\t<\/div>\n\t\t<\/div>\n\t\t\t\t\t<\/div>\n\t\t<\/section>\n\t\t\t\t<section class=\"elementor-section elementor-top-section elementor-element elementor-element-e41154f elementor-section-boxed elementor-section-height-default elementor-section-height-default\" data-id=\"e41154f\" data-element_type=\"section\" data-e-type=\"section\">\n\t\t\t\t\t\t<div class=\"elementor-container elementor-column-gap-default\">\n\t\t\t\t\t<div class=\"elementor-column elementor-col-100 elementor-top-column elementor-element elementor-element-99fa76c\" data-id=\"99fa76c\" data-element_type=\"column\" data-e-type=\"column\">\n\t\t\t<div class=\"elementor-widget-wrap elementor-element-populated\">\n\t\t\t\t\t\t<div class=\"elementor-element elementor-element-b47e760 elementor-widget-divider--view-line elementor-widget elementor-widget-divider\" data-id=\"b47e760\" data-element_type=\"widget\" data-e-type=\"widget\" data-widget_type=\"divider.default\">\n\t\t\t\t<div class=\"elementor-widget-container\">\n\t\t\t\t\t\t\t<div class=\"elementor-divider\">\n\t\t\t<span class=\"elementor-divider-separator\">\n\t\t\t\t\t\t<\/span>\n\t\t<\/div>\n\t\t\t\t\t\t<\/div>\n\t\t\t\t<\/div>\n\t\t\t\t\t<\/div>\n\t\t<\/div>\n\t\t\t\t\t<\/div>\n\t\t<\/section>\n\t\t\t\t<section class=\"elementor-section elementor-top-section elementor-element elementor-element-e068aaa elementor-section-boxed elementor-section-height-default elementor-section-height-default\" data-id=\"e068aaa\" data-element_type=\"section\" data-e-type=\"section\">\n\t\t\t\t\t\t<div class=\"elementor-container elementor-column-gap-default\">\n\t\t\t\t\t<div class=\"elementor-column elementor-col-100 elementor-top-column elementor-element elementor-element-8ee4472\" data-id=\"8ee4472\" data-element_type=\"column\" data-e-type=\"column\">\n\t\t\t<div class=\"elementor-widget-wrap elementor-element-populated\">\n\t\t\t\t\t\t<div class=\"elementor-element elementor-element-04bd5f6 elementor-invisible elementor-widget elementor-widget-heading\" data-id=\"04bd5f6\" data-element_type=\"widget\" data-e-type=\"widget\" data-settings=\"{&quot;_animation&quot;:&quot;fadeIn&quot;}\" data-widget_type=\"heading.default\">\n\t\t\t\t<div class=\"elementor-widget-container\">\n\t\t\t\t\t<h2 class=\"elementor-heading-title elementor-size-default\">Aroma-coaching<\/h2>\t\t\t\t<\/div>\n\t\t\t\t<\/div>\n\t\t\t\t\t<\/div>\n\t\t<\/div>\n\t\t\t\t\t<\/div>\n\t\t<\/section>\n\t\t\t\t<section class=\"elementor-section elementor-top-section elementor-element elementor-element-bc8598d elementor-section-boxed elementor-section-height-default elementor-section-height-default\" data-id=\"bc8598d\" data-element_type=\"section\" data-e-type=\"section\">\n\t\t\t\t\t\t<div class=\"elementor-container elementor-column-gap-default\">\n\t\t\t\t\t<div class=\"elementor-column elementor-col-100 elementor-top-column elementor-element elementor-element-dd1f41b\" data-id=\"dd1f41b\" data-element_type=\"column\" data-e-type=\"column\">\n\t\t\t<div class=\"elementor-widget-wrap elementor-element-populated\">\n\t\t\t\t\t\t<div class=\"elementor-element elementor-element-19185c2 elementor-widget-divider--view-line elementor-widget elementor-widget-divider\" data-id=\"19185c2\" data-element_type=\"widget\" data-e-type=\"widget\" data-widget_type=\"divider.default\">\n\t\t\t\t<div class=\"elementor-widget-container\">\n\t\t\t\t\t\t\t<div class=\"elementor-divider\">\n\t\t\t<span class=\"elementor-divider-separator\">\n\t\t\t\t\t\t<\/span>\n\t\t<\/div>\n\t\t\t\t\t\t<\/div>\n\t\t\t\t<\/div>\n\t\t\t\t\t<\/div>\n\t\t<\/div>\n\t\t\t\t\t<\/div>\n\t\t<\/section>\n\t\t\t\t<section class=\"elementor-section elementor-top-section elementor-element elementor-element-da69b87 elementor-section-boxed elementor-section-height-default elementor-section-height-default\" data-id=\"da69b87\" data-element_type=\"section\" data-e-type=\"section\">\n\t\t\t\t\t\t<div class=\"elementor-container elementor-column-gap-default\">\n\t\t\t\t\t<div class=\"elementor-column elementor-col-66 elementor-top-column elementor-element elementor-element-d4d379d\" data-id=\"d4d379d\" data-element_type=\"column\" data-e-type=\"column\">\n\t\t\t<div class=\"elementor-widget-wrap elementor-element-populated\">\n\t\t\t\t\t\t<div class=\"elementor-element elementor-element-c9960ac elementor-invisible elementor-widget elementor-widget-text-editor\" data-id=\"c9960ac\" data-element_type=\"widget\" data-e-type=\"widget\" data-settings=\"{&quot;_animation&quot;:&quot;fadeInLeft&quot;}\" data-widget_type=\"text-editor.default\">\n\t\t\t\t<div class=\"elementor-widget-container\">\n\t\t\t\t\t\t\t\t\t<p>Mivel s\u0171r\u0171n kapok megkeres\u00e9st, javaslatk\u00e9r\u00e9st az ill\u00f3olajok biztons\u00e1gos \u00e9s helyes alkalmaz\u00e1s\u00e1t illet\u0151en, \u00edgy azt gondolom, hogy a szakmais\u00e1g \u00e9s a hozz\u00e1\u00e9rt\u00e9s n\u00e9lk\u00fcl\u00f6zhetetlen ehhez. Az ill\u00f3olajok szervezetre gyakorolt j\u00f3t\u00e9kony hat\u00e1sa testi-lelki-szellemi eg\u00e9szs\u00e9g\u00fcnket szolg\u00e1lja. Mindezekre alapozva figyelembe kell venn\u00fcnk, hogy hat\u00e1s-mell\u00e9khat\u00e1s tekintet\u00e9ben mivel \u00e9s hogyan seg\u00edthet\u00fcnk. Gy\u00f3gyszer kontraindik\u00e1ci\u00f3k, eg\u00e9szs\u00e9g\u00fcgyi kih\u00edv\u00e1sok tekintet\u00e9ben kell\u0151en k\u00f6r\u00fcltekint\u0151en kell alkalmaznunk ezeket a gy\u00f3gy\u00e1szati min\u0151s\u00e9g\u0171 term\u00e9keket is, hiszen \u201eaminek van hat\u00e1sa, annak mell\u00e9khat\u00e1sa is LEHET\u201d! Komplementer medicinak\u00e9nt alternat\u00edv ter\u00e1pi\u00e1s protokollokkal a prevenci\u00f3ban \u00e9s a gy\u00f3gy\u00e1szatban is meg\u00e1llja a hely\u00e9t ez a holisztikus gy\u00f3gym\u00f3d.<\/p>\t\t\t\t\t\t\t\t<\/div>\n\t\t\t\t<\/div>\n\t\t\t\t\t<\/div>\n\t\t<\/div>\n\t\t\t\t<div class=\"elementor-column elementor-col-33 elementor-top-column elementor-element elementor-element-ee60bc6\" data-id=\"ee60bc6\" data-element_type=\"column\" data-e-type=\"column\">\n\t\t\t<div class=\"elementor-widget-wrap elementor-element-populated\">\n\t\t\t\t\t\t<div class=\"elementor-element elementor-element-a3ea708 elementor-invisible elementor-widget elementor-widget-image\" data-id=\"a3ea708\" data-element_type=\"widget\" data-e-type=\"widget\" data-settings=\"{&quot;_animation&quot;:&quot;fadeInRight&quot;}\" data-widget_type=\"image.default\">\n\t\t\t\t<div class=\"elementor-widget-container\">\n\t\t\t\t\t\t\t\t\t\t\t\t\t\t\t<img fetchpriority=\"high\" decoding=\"async\" width=\"1024\" height=\"1019\" src=\"https:\/\/annarom.hu\/wp-content\/uploads\/2023\/04\/gettyimages-867417148-1577206727-1024x1019.jpg\" class=\"attachment-large size-large wp-image-109\" alt=\"\" srcset=\"https:\/\/annarom.hu\/wp-content\/uploads\/2023\/04\/gettyimages-867417148-1577206727-1024x1019.jpg 1024w, https:\/\/annarom.hu\/wp-content\/uploads\/2023\/04\/gettyimages-867417148-1577206727-300x300.jpg 300w, https:\/\/annarom.hu\/wp-content\/uploads\/2023\/04\/gettyimages-867417148-1577206727-100x100.jpg 100w, https:\/\/annarom.hu\/wp-content\/uploads\/2023\/04\/gettyimages-867417148-1577206727-600x597.jpg 600w, https:\/\/annarom.hu\/wp-content\/uploads\/2023\/04\/gettyimages-867417148-1577206727-150x150.jpg 150w, https:\/\/annarom.hu\/wp-content\/uploads\/2023\/04\/gettyimages-867417148-1577206727-768x764.jpg 768w, https:\/\/annarom.hu\/wp-content\/uploads\/2023\/04\/gettyimages-867417148-1577206727.jpg 1200w\" sizes=\"(max-width: 1024px) 100vw, 1024px\" \/>\t\t\t\t\t\t\t\t\t\t\t\t\t\t\t<\/div>\n\t\t\t\t<\/div>\n\t\t\t\t\t<\/div>\n\t\t<\/div>\n\t\t\t\t\t<\/div>\n\t\t<\/section>\n\t\t\t\t<section class=\"elementor-section elementor-top-section elementor-element elementor-element-74a7718 elementor-section-boxed elementor-section-height-default elementor-section-height-default\" data-id=\"74a7718\" data-element_type=\"section\" data-e-type=\"section\">\n\t\t\t\t\t\t<div class=\"elementor-container elementor-column-gap-default\">\n\t\t\t\t\t<div class=\"elementor-column elementor-col-100 elementor-top-column elementor-element elementor-element-c392099\" data-id=\"c392099\" data-element_type=\"column\" data-e-type=\"column\">\n\t\t\t<div class=\"elementor-widget-wrap elementor-element-populated\">\n\t\t\t\t\t\t<div class=\"elementor-element elementor-element-64cd79c elementor-invisible elementor-widget elementor-widget-text-editor\" data-id=\"64cd79c\" data-element_type=\"widget\" data-e-type=\"widget\" data-settings=\"{&quot;_animation&quot;:&quot;zoomIn&quot;}\" data-widget_type=\"text-editor.default\">\n\t\t\t\t<div class=\"elementor-widget-container\">\n\t\t\t\t\t\t\t\t\t<p>Sz\u00e1mtalan szervezetszint\u0171 kih\u00edv\u00e1s eset\u00e9n tud\u00e1sommal t\u00e1mogatni tudom a hozz\u00e1m fordul\u00f3kat:<\/p><p>Gyermekek k\u00f6z\u00f6ss\u00e9gbe ker\u00fcl\u00e9se eset\u00e9n fell\u00e9p\u0151 probl\u00e9mak\u00f6r, n\u0151gy\u00f3gy\u00e1szati megbeteged\u00e9sek t\u00e1mogat\u00e1sa, autoimmun betegs\u00e9gek remisszi\u00f3ja, em\u00e9szt\u0151rendszeri arom\u00e1s t\u00e1mogat\u00e1sa \u2026<\/p>\t\t\t\t\t\t\t\t<\/div>\n\t\t\t\t<\/div>\n\t\t\t\t\t<\/div>\n\t\t<\/div>\n\t\t\t\t\t<\/div>\n\t\t<\/section>\n\t\t\t\t<section class=\"elementor-section elementor-top-section elementor-element elementor-element-afc3190 elementor-section-boxed elementor-section-height-default elementor-section-height-default\" data-id=\"afc3190\" data-element_type=\"section\" data-e-type=\"section\">\n\t\t\t\t\t\t<div class=\"elementor-container elementor-column-gap-default\">\n\t\t\t\t\t<div class=\"elementor-column elementor-col-100 elementor-top-column elementor-element elementor-element-228e192\" data-id=\"228e192\" data-element_type=\"column\" data-e-type=\"column\">\n\t\t\t<div class=\"elementor-widget-wrap elementor-element-populated\">\n\t\t\t\t\t\t<div class=\"elementor-element elementor-element-acb69a3 elementor-invisible elementor-widget elementor-widget-text-editor\" data-id=\"acb69a3\" data-element_type=\"widget\" data-e-type=\"widget\" data-settings=\"{&quot;_animation&quot;:&quot;fadeInDown&quot;}\" data-widget_type=\"text-editor.default\">\n\t\t\t\t<div class=\"elementor-widget-container\">\n\t\t\t\t\t\t\t\t\t<p>Kinek aj\u00e1nlom az aroma-coachingot?<\/p>\t\t\t\t\t\t\t\t<\/div>\n\t\t\t\t<\/div>\n\t\t\t\t\t<\/div>\n\t\t<\/div>\n\t\t\t\t\t<\/div>\n\t\t<\/section>\n\t\t\t\t<section class=\"elementor-section elementor-top-section elementor-element elementor-element-b09d50a elementor-section-boxed elementor-section-height-default elementor-section-height-default\" data-id=\"b09d50a\" data-element_type=\"section\" data-e-type=\"section\">\n\t\t\t\t\t\t<div class=\"elementor-container elementor-column-gap-default\">\n\t\t\t\t\t<div class=\"elementor-column elementor-col-100 elementor-top-column elementor-element elementor-element-d700123\" data-id=\"d700123\" data-element_type=\"column\" data-e-type=\"column\">\n\t\t\t<div class=\"elementor-widget-wrap elementor-element-populated\">\n\t\t\t\t\t\t<div class=\"elementor-element elementor-element-b47f72b elementor-invisible elementor-widget elementor-widget-text-editor\" data-id=\"b47f72b\" data-element_type=\"widget\" data-e-type=\"widget\" data-settings=\"{&quot;_animation&quot;:&quot;fadeInDown&quot;}\" data-widget_type=\"text-editor.default\">\n\t\t\t\t<div class=\"elementor-widget-container\">\n\t\t\t\t\t\t\t\t\t<ul><li>Akik szeretik a holisztikus szeml\u00e9letet \u00e9s nem ragadnak le a hagyom\u00e1nyos orvosl\u00e1s elvein\u00e9l<\/li><li>\u00c9letm\u00f3dv\u00e1lt\u00f3knak, egy vit\u00e1lisabb \u00e9letm\u00f3d kialak\u00edt\u00e1s\u00e1\u00e9rt<\/li><li>Sz\u00fcl\u0151knek, akik a gyermekkori betegs\u00e9gekb\u0151l val\u00f3 fel\u00e9p\u00fcl\u00e9st gy\u00f3gyszerek n\u00e9lk\u00fcl szeretn\u00e9k el\u00e9rni<\/li><li>Nagyobb volumen\u0171 eg\u00e9szs\u00e9g\u00fcgyi kih\u00edv\u00e1sok alternat\u00edv t\u00e1mogat\u00e1sa ut\u00e1n kutat\u00f3knak<\/li><li>Vegyszermentes h\u00e1ztat\u00e1st kialak\u00edt\u00f3knak<\/li><li>Mindenkinek, aki egy term\u00e9szetes, megold\u00e1s-orient\u00e1lt \u00e9letet szeretne teremteni mag\u00e1nak \u00e9s \u00e9rdekl\u0151dik az aromater\u00e1pia vil\u00e1ga ir\u00e1nt<\/li><\/ul>\t\t\t\t\t\t\t\t<\/div>\n\t\t\t\t<\/div>\n\t\t\t\t\t<\/div>\n\t\t<\/div>\n\t\t\t\t\t<\/div>\n\t\t<\/section>\n\t\t\t\t<section class=\"elementor-section elementor-top-section elementor-element elementor-element-d338589 elementor-section-boxed elementor-section-height-default elementor-section-height-default\" data-id=\"d338589\" data-element_type=\"section\" data-e-type=\"section\">\n\t\t\t\t\t\t<div class=\"elementor-container elementor-column-gap-default\">\n\t\t\t\t\t<div class=\"elementor-column elementor-col-100 elementor-top-column elementor-element elementor-element-dea6811\" data-id=\"dea6811\" data-element_type=\"column\" data-e-type=\"column\">\n\t\t\t<div class=\"elementor-widget-wrap elementor-element-populated\">\n\t\t\t\t\t\t<div class=\"elementor-element elementor-element-74d04d4 elementor-align-center elementor-widget elementor-widget-button\" data-id=\"74d04d4\" data-element_type=\"widget\" data-e-type=\"widget\" data-widget_type=\"button.default\">\n\t\t\t\t<div class=\"elementor-widget-container\">\n\t\t\t\t\t\t\t\t\t<div class=\"elementor-button-wrapper\">\n\t\t\t\t\t<a class=\"elementor-button elementor-button-link elementor-size-md elementor-animation-grow\" href=\"https:\/\/annarom.hu\/?page_id=133\">\n\t\t\t\t\t\t<span class=\"elementor-button-content-wrapper\">\n\t\t\t\t\t\t\t\t\t<span class=\"elementor-button-text\">Szeretn\u00e9k konzult\u00e1ci\u00f3ra jelentkezni<\/span>\n\t\t\t\t\t<\/span>\n\t\t\t\t\t<\/a>\n\t\t\t\t<\/div>\n\t\t\t\t\t\t\t\t<\/div>\n\t\t\t\t<\/div>\n\t\t\t\t\t<\/div>\n\t\t<\/div>\n\t\t\t\t\t<\/div>\n\t\t<\/section>\n\t\t\t\t<section class=\"elementor-section elementor-top-section elementor-element elementor-element-54a62d0 elementor-section-boxed elementor-section-height-default elementor-section-height-default\" data-id=\"54a62d0\" data-element_type=\"section\" data-e-type=\"section\">\n\t\t\t\t\t\t<div class=\"elementor-container elementor-column-gap-default\">\n\t\t\t\t\t<div class=\"elementor-column elementor-col-33 elementor-top-column elementor-element elementor-element-50a8832\" data-id=\"50a8832\" data-element_type=\"column\" data-e-type=\"column\">\n\t\t\t<div class=\"elementor-widget-wrap elementor-element-populated\">\n\t\t\t\t\t\t<div class=\"elementor-element elementor-element-7b49f57 elementor-invisible elementor-widget elementor-widget-heading\" data-id=\"7b49f57\" data-element_type=\"widget\" data-e-type=\"widget\" data-settings=\"{&quot;_animation&quot;:&quot;fadeInDown&quot;}\" data-widget_type=\"heading.default\">\n\t\t\t\t<div class=\"elementor-widget-container\">\n\t\t\t\t\t<h2 class=\"elementor-heading-title elementor-size-small\">Aroma-coaching:\n\n7.000Ft\/30 perc (online)\n<\/h2>\t\t\t\t<\/div>\n\t\t\t\t<\/div>\n\t\t\t\t\t<\/div>\n\t\t<\/div>\n\t\t\t\t<div class=\"elementor-column elementor-col-33 elementor-top-column elementor-element elementor-element-d94b1a3\" data-id=\"d94b1a3\" data-element_type=\"column\" data-e-type=\"column\">\n\t\t\t<div class=\"elementor-widget-wrap elementor-element-populated\">\n\t\t\t\t\t\t<div class=\"elementor-element elementor-element-7037a65 elementor-widget elementor-widget-image\" data-id=\"7037a65\" data-element_type=\"widget\" data-e-type=\"widget\" data-widget_type=\"image.default\">\n\t\t\t\t<div class=\"elementor-widget-container\">\n\t\t\t\t\t\t\t\t\t\t\t\t\t\t\t<img fetchpriority=\"high\" decoding=\"async\" width=\"1024\" height=\"1019\" src=\"https:\/\/annarom.hu\/wp-content\/uploads\/2023\/04\/gettyimages-867417148-1577206727-1024x1019.jpg\" class=\"attachment-large size-large wp-image-109\" alt=\"\" srcset=\"https:\/\/annarom.hu\/wp-content\/uploads\/2023\/04\/gettyimages-867417148-1577206727-1024x1019.jpg 1024w, https:\/\/annarom.hu\/wp-content\/uploads\/2023\/04\/gettyimages-867417148-1577206727-300x300.jpg 300w, https:\/\/annarom.hu\/wp-content\/uploads\/2023\/04\/gettyimages-867417148-1577206727-100x100.jpg 100w, https:\/\/annarom.hu\/wp-content\/uploads\/2023\/04\/gettyimages-867417148-1577206727-600x597.jpg 600w, https:\/\/annarom.hu\/wp-content\/uploads\/2023\/04\/gettyimages-867417148-1577206727-150x150.jpg 150w, https:\/\/annarom.hu\/wp-content\/uploads\/2023\/04\/gettyimages-867417148-1577206727-768x764.jpg 768w, https:\/\/annarom.hu\/wp-content\/uploads\/2023\/04\/gettyimages-867417148-1577206727.jpg 1200w\" sizes=\"(max-width: 1024px) 100vw, 1024px\" \/>\t\t\t\t\t\t\t\t\t\t\t\t\t\t\t<\/div>\n\t\t\t\t<\/div>\n\t\t\t\t\t<\/div>\n\t\t<\/div>\n\t\t\t\t<div class=\"elementor-column elementor-col-33 elementor-top-column elementor-element elementor-element-6946580\" data-id=\"6946580\" data-element_type=\"column\" data-e-type=\"column\">\n\t\t\t<div class=\"elementor-widget-wrap elementor-element-populated\">\n\t\t\t\t\t\t\t<\/div>\n\t\t<\/div>\n\t\t\t\t\t<\/div>\n\t\t<\/section>\n\t\t\t\t<\/div>\n\t\t","protected":false},"excerpt":{"rendered":"<p>Annarom Eg\u00e9szs\u00e9gfejleszt\u00e9s egyszer\u0171en Aroma-coaching Mivel s\u0171r\u0171n kapok megkeres\u00e9st, javaslatk\u00e9r\u00e9st az ill\u00f3olajok biztons\u00e1gos \u00e9s helyes alkalmaz\u00e1s\u00e1t illet\u0151en, \u00edgy azt gondolom, hogy a szakmais\u00e1g \u00e9s a hozz\u00e1\u00e9rt\u00e9s n\u00e9lk\u00fcl\u00f6zhetetlen ehhez. Az ill\u00f3olajok szervezetre gyakorolt j\u00f3t\u00e9kony hat\u00e1sa testi-lelki-szellemi eg\u00e9szs\u00e9g\u00fcnket szolg\u00e1lja. Mindezekre alapozva figyelembe kell venn\u00fcnk, hogy hat\u00e1s-mell\u00e9khat\u00e1s tekintet\u00e9ben mivel \u00e9s hogyan seg\u00edthet\u00fcnk. Gy\u00f3gyszer kontraindik\u00e1ci\u00f3k, eg\u00e9szs\u00e9g\u00fcgyi kih\u00edv\u00e1sok tekintet\u00e9ben kell\u0151en k\u00f6r\u00fcltekint\u0151en [&hellip;]<\/p>\n","protected":false},"author":1,"featured_media":0,"parent":0,"menu_order":0,"comment_status":"closed","ping_status":"closed","template":"","meta":{"ocean_post_layout":"full-screen","ocean_both_sidebars_style":"","ocean_both_sidebars_content_width":0,"ocean_both_sidebars_sidebars_width":0,"ocean_sidebar":"0","ocean_second_sidebar":"0","ocean_disable_margins":"on","ocean_add_body_class":"","ocean_shortcode_before_top_bar":"","ocean_shortcode_after_top_bar":"","ocean_shortcode_before_header":"","ocean_shortcode_after_header":"","ocean_has_shortcode":"","ocean_shortcode_after_title":"","ocean_shortcode_before_footer_widgets":"","ocean_shortcode_after_footer_widgets":"","ocean_shortcode_before_footer_bottom":"","ocean_shortcode_after_footer_bottom":"","ocean_display_top_bar":"off","ocean_display_header":"default","ocean_header_style":"top","ocean_center_header_left_menu":"0","ocean_custom_header_template":"0","ocean_custom_logo":0,"ocean_custom_retina_logo":0,"ocean_custom_logo_max_width":0,"ocean_custom_logo_tablet_max_width":0,"ocean_custom_logo_mobile_max_width":0,"ocean_custom_logo_max_height":0,"ocean_custom_logo_tablet_max_height":0,"ocean_custom_logo_mobile_max_height":0,"ocean_header_custom_menu":"2","ocean_menu_typo_font_family":"Gabriela","ocean_menu_typo_font_subset":"","ocean_menu_typo_font_size":0,"ocean_menu_typo_font_size_tablet":0,"ocean_menu_typo_font_size_mobile":0,"ocean_menu_typo_font_size_unit":"px","ocean_menu_typo_font_weight":"","ocean_menu_typo_font_weight_tablet":"","ocean_menu_typo_font_weight_mobile":"","ocean_menu_typo_transform":"","ocean_menu_typo_transform_tablet":"","ocean_menu_typo_transform_mobile":"","ocean_menu_typo_line_height":0,"ocean_menu_typo_line_height_tablet":0,"ocean_menu_typo_line_height_mobile":0,"ocean_menu_typo_line_height_unit":"","ocean_menu_typo_spacing":0,"ocean_menu_typo_spacing_tablet":0,"ocean_menu_typo_spacing_mobile":0,"ocean_menu_typo_spacing_unit":"","ocean_menu_link_color":"","ocean_menu_link_color_hover":"","ocean_menu_link_color_active":"","ocean_menu_link_background":"","ocean_menu_link_hover_background":"#dbabdb","ocean_menu_link_active_background":"#ba68b4","ocean_menu_social_links_bg":"","ocean_menu_social_hover_links_bg":"","ocean_menu_social_links_color":"","ocean_menu_social_hover_links_color":"","ocean_disable_title":"on","ocean_disable_heading":"default","ocean_post_title":"","ocean_post_subheading":"","ocean_post_title_style":"","ocean_post_title_background_color":"","ocean_post_title_background":0,"ocean_post_title_bg_image_position":"","ocean_post_title_bg_image_attachment":"","ocean_post_title_bg_image_repeat":"","ocean_post_title_bg_image_size":"","ocean_post_title_height":0,"ocean_post_title_bg_overlay":0.5,"ocean_post_title_bg_overlay_color":"","ocean_disable_breadcrumbs":"default","ocean_breadcrumbs_color":"","ocean_breadcrumbs_separator_color":"","ocean_breadcrumbs_links_color":"","ocean_breadcrumbs_links_hover_color":"","ocean_display_footer_widgets":"off","ocean_display_footer_bottom":"off","ocean_custom_footer_template":"0","footnotes":""},"class_list":["post-370","page","type-page","status-publish","hentry","entry","owp-thumbs-layout-horizontal","owp-btn-normal","owp-tabs-layout-horizontal","has-no-thumbnails","has-product-nav"],"_links":{"self":[{"href":"https:\/\/annarom.hu\/index.php?rest_route=\/wp\/v2\/pages\/370","targetHints":{"allow":["GET"]}}],"collection":[{"href":"https:\/\/annarom.hu\/index.php?rest_route=\/wp\/v2\/pages"}],"about":[{"href":"https:\/\/annarom.hu\/index.php?rest_route=\/wp\/v2\/types\/page"}],"author":[{"embeddable":true,"href":"https:\/\/annarom.hu\/index.php?rest_route=\/wp\/v2\/users\/1"}],"replies":[{"embeddable":true,"href":"https:\/\/annarom.hu\/index.php?rest_route=%2Fwp%2Fv2%2Fcomments&post=370"}],"version-history":[{"count":70,"href":"https:\/\/annarom.hu\/index.php?rest_route=\/wp\/v2\/pages\/370\/revisions"}],"predecessor-version":[{"id":1039,"href":"https:\/\/annarom.hu\/index.php?rest_route=\/wp\/v2\/pages\/370\/revisions\/1039"}],"wp:attachment":[{"href":"https:\/\/annarom.hu\/index.php?rest_route=%2Fwp%2Fv2%2Fmedia&parent=370"}],"curies":[{"name":"wp","href":"https:\/\/api.w.org\/{rel}","templated":true}]}}