{"id":935,"date":"2023-07-21T22:56:50","date_gmt":"2023-07-21T20:56:50","guid":{"rendered":"https:\/\/annarom.hu\/?post_type=product&#038;p=935"},"modified":"2024-09-18T08:59:28","modified_gmt":"2024-09-18T06:59:28","slug":"aromaforce-immunerosito-keverek-30ml","status":"publish","type":"product","link":"https:\/\/annarom.hu\/?product=aromaforce-immunerosito-keverek-30ml","title":{"rendered":"AROMAFORCE IMMUNER\u0150S\u00cdT\u0150 KEVER\u00c9K 30ML"},"content":{"rendered":"<p>Term\u00e9szetes seg\u00edts\u00e9g az immunrendszer v\u00e9delm\u00e9hez. A kever\u00e9k 100% -os tisztas\u00e1g\u00fa \u00e9s k\u00e9miailag bevizsg\u00e1lt ill\u00f3olajokat tartalmaz.Az ill\u00f3olajkever\u00e9k immuner\u0151s\u00edt\u0151, baktr\u00e9ium\u00f6l\u0151, v\u00edrus\u00f6l\u0151, ny\u00e1kold\u00f3, k\u00f6ptet\u0151 hat\u00e1s\u00fa ill\u00f3olajokat tartalmaz.<\/p>\n<p>Az Aromaforce t\u00e1mogatja a szervezet term\u00e9szetes v\u00e9dekez\u0151 rendszer\u00e9t. Haszn\u00e1lata torokgyullad\u00e1s, n\u00e1tha, megf\u00e1z\u00e1s eset\u00e9n aj\u00e1nlott.<\/p>\n<p><strong>Kiszerel\u00e9s: 30 ml<\/strong><\/p>\n<p>ALKALMAZ\u00c1S:<\/p>\n<p>Bed\u00f6rzs\u00f6l\u00e9ssel:<br \/>\n6-12 \u00e9ves kor k\u00f6z\u00f6tt: naponta 2x 1 cseppet<br \/>\n12-18 \u00e9ves kor k\u00f6z\u00f6tt: naponta 2x 2 cseppet<br \/>\n18 \u00e9ves kor f\u00f6l\u00f6tt:naponta 3x 2 cseppet<br \/>\nd\u00f6rzs\u00f6l\u00f6n a mellkasra vagy a gerincre.<br \/>\n\u00c9rz\u00e9keny b\u0151r eset\u00e9n h\u00edg\u00edtsa 50% -ban n\u00f6v\u00e9nyi olajjal (\u00e9des mandula, makad\u00e1mia, avok\u00e1d\u00f3, s\u00e1rgabarackmag olajjal stb.)<\/p>\n<p>P\u00e1rologtat\u00e1s: Tegyen 3-10 cseppet a diff\u00fazorba a szoba nagys\u00e1g\u00e1t\u00f3l f\u00fcgg\u0151en.<\/p>\n<p>Bel\u00e9legez\u00e9s\/Inhal\u00e1l\u00e1s: Tegyen n\u00e9h\u00e1ny cseppet forr\u00f3 (de nem lobog\u00f3) v\u00edzbe, hogy megk\u00f6nny\u00edtse a l\u00e9gz\u00e9st \u00e9s megtiszt\u00edtsa a leveg\u0151t. Bel\u00e9legezhet\u0151 zsebkend\u0151re vagy p\u00e1rn\u00e1ra cseppentve.<\/p>\n<p>Folyamatosan, maximum 14 napon kereszt\u00fcl haszn\u00e1lhat\u00f3!<\/p>\n<p><strong>FIGYELMEZTET\u00c9S:<\/strong><\/p>\n<p>Ne alkalmazza terhess\u00e9g \u00e9s szoptat\u00e1s alatt, \u00e9s 6 \u00e9v alatti gyermekekn\u00e9l.<br \/>\nTartsa t\u00e1vol kisgyermekekt\u0151l.<br \/>\nTartsa t\u00e1vol h\u0151 \u00e9s f\u00e9nyforr\u00e1sokt\u00f3l.<br \/>\nNem helyettes\u00edti a v\u00e1ltozatos \u00e9s kiegyens\u00falyozott \u00e9trendet \u00e9s az eg\u00e9szs\u00e9ges \u00e9letm\u00f3dot.<br \/>\nNe l\u00e9pje t\u00fal az aj\u00e1nlott adagot.<\/p>\n<p><strong>\u00d6SSZETEV\u0150K:<\/strong><\/p>\n<p>100% -os tisztas\u00e1g\u00fa \u00e9s term\u00e9szetes ill\u00f3olajok:<br \/>\nLevendula super, Ho fa, Eukaliptusz radiata, Niaouli, Rozmaring verbenon, Eucalyptus globulus, Ravintsara, Borsmenta, Szegf\u0171szeg, Teafa.<\/p>\n","protected":false},"excerpt":{"rendered":"<p>Aromaforce a szervezet term\u00e9szetes v\u00e9delm\u00e9re<\/p>\n<p>Immuner\u0151s\u00edt\u0151 ill\u00f3olaj kever\u00e9k 6 \u00e9ves kort\u00f3l BIO<\/p>\n","protected":false},"featured_media":936,"template":"","meta":{"ocean_post_layout":"","ocean_both_sidebars_style":"","ocean_both_sidebars_content_width":0,"ocean_both_sidebars_sidebars_width":0,"ocean_sidebar":"0","ocean_second_sidebar":"0","ocean_disable_margins":"enable","ocean_add_body_class":"","ocean_shortcode_before_top_bar":"","ocean_shortcode_after_top_bar":"","ocean_shortcode_before_header":"","ocean_shortcode_after_header":"","ocean_has_shortcode":"","ocean_shortcode_after_title":"","ocean_shortcode_before_footer_widgets":"","ocean_shortcode_after_footer_widgets":"","ocean_shortcode_before_footer_bottom":"","ocean_shortcode_after_footer_bottom":"","ocean_display_top_bar":"default","ocean_display_header":"default","ocean_header_style":"","ocean_center_header_left_menu":"0","ocean_custom_header_template":"0","ocean_custom_logo":0,"ocean_custom_retina_logo":0,"ocean_custom_logo_max_width":0,"ocean_custom_logo_tablet_max_width":0,"ocean_custom_logo_mobile_max_width":0,"ocean_custom_logo_max_height":0,"ocean_custom_logo_tablet_max_height":0,"ocean_custom_logo_mobile_max_height":0,"ocean_header_custom_menu":"0","ocean_menu_typo_font_family":"0","ocean_menu_typo_font_subset":"","ocean_menu_typo_font_size":0,"ocean_menu_typo_font_size_tablet":0,"ocean_menu_typo_font_size_mobile":0,"ocean_menu_typo_font_size_unit":"px","ocean_menu_typo_font_weight":"","ocean_menu_typo_font_weight_tablet":"","ocean_menu_typo_font_weight_mobile":"","ocean_menu_typo_transform":"","ocean_menu_typo_transform_tablet":"","ocean_menu_typo_transform_mobile":"","ocean_menu_typo_line_height":0,"ocean_menu_typo_line_height_tablet":0,"ocean_menu_typo_line_height_mobile":0,"ocean_menu_typo_line_height_unit":"","ocean_menu_typo_spacing":0,"ocean_menu_typo_spacing_tablet":0,"ocean_menu_typo_spacing_mobile":0,"ocean_menu_typo_spacing_unit":"","ocean_menu_link_color":"","ocean_menu_link_color_hover":"","ocean_menu_link_color_active":"","ocean_menu_link_background":"","ocean_menu_link_hover_background":"","ocean_menu_link_active_background":"","ocean_menu_social_links_bg":"","ocean_menu_social_hover_links_bg":"","ocean_menu_social_links_color":"","ocean_menu_social_hover_links_color":"","ocean_disable_title":"default","ocean_disable_heading":"default","ocean_post_title":"","ocean_post_subheading":"","ocean_post_title_style":"","ocean_post_title_background_color":"","ocean_post_title_background":0,"ocean_post_title_bg_image_position":"","ocean_post_title_bg_image_attachment":"","ocean_post_title_bg_image_repeat":"","ocean_post_title_bg_image_size":"","ocean_post_title_height":0,"ocean_post_title_bg_overlay":0.5,"ocean_post_title_bg_overlay_color":"","ocean_disable_breadcrumbs":"default","ocean_breadcrumbs_color":"","ocean_breadcrumbs_separator_color":"","ocean_breadcrumbs_links_color":"","ocean_breadcrumbs_links_hover_color":"","ocean_display_footer_widgets":"default","ocean_display_footer_bottom":"default","ocean_custom_footer_template":"0"},"product_cat":[50],"product_tag":[37,54,46],"class_list":{"0":"post-935","1":"product","2":"type-product","3":"status-publish","4":"has-post-thumbnail","6":"product_cat-illoolajok","7":"product_tag-immunitas","8":"product_tag-immuntamogatas","9":"product_tag-immunvedelem","11":"entry","12":"has-media","14":"first","15":"instock","16":"shipping-taxable","17":"purchasable","18":"product-type-simple","19":"has-product-nav","20":"col","21":"span_1_of_3","22":"owp-content-center","23":"owp-thumbs-layout-horizontal","24":"owp-btn-normal","25":"owp-tabs-layout-horizontal","26":"has-no-thumbnails"},"_links":{"self":[{"href":"https:\/\/annarom.hu\/index.php?rest_route=\/wp\/v2\/product\/935","targetHints":{"allow":["GET"]}}],"collection":[{"href":"https:\/\/annarom.hu\/index.php?rest_route=\/wp\/v2\/product"}],"about":[{"href":"https:\/\/annarom.hu\/index.php?rest_route=\/wp\/v2\/types\/product"}],"wp:featuredmedia":[{"embeddable":true,"href":"https:\/\/annarom.hu\/index.php?rest_route=\/wp\/v2\/media\/936"}],"wp:attachment":[{"href":"https:\/\/annarom.hu\/index.php?rest_route=%2Fwp%2Fv2%2Fmedia&parent=935"}],"wp:term":[{"taxonomy":"product_cat","embeddable":true,"href":"https:\/\/annarom.hu\/index.php?rest_route=%2Fwp%2Fv2%2Fproduct_cat&post=935"},{"taxonomy":"product_tag","embeddable":true,"href":"https:\/\/annarom.hu\/index.php?rest_route=%2Fwp%2Fv2%2Fproduct_tag&post=935"}],"curies":[{"name":"wp","href":"https:\/\/api.w.org\/{rel}","templated":true}]}}