{"id":938,"date":"2023-07-21T23:03:31","date_gmt":"2023-07-21T21:03:31","guid":{"rendered":"https:\/\/annarom.hu\/?post_type=product&#038;p=938"},"modified":"2025-08-14T17:53:23","modified_gmt":"2025-08-14T15:53:23","slug":"aromaforce-legzeskonnyito-balzsam","status":"publish","type":"product","link":"https:\/\/annarom.hu\/?product=aromaforce-legzeskonnyito-balzsam","title":{"rendered":"AROMAFORCE L\u00c9GZ\u00c9SK\u00d6NNY\u00cdT\u0150 BALZSAM"},"content":{"rendered":"<p>ALKALMAZ\u00c1S:<\/p>\n<p>A megh\u0171l\u00e9s els\u0151 jeleit\u0151l kezdje haszn\u00e1lni.<br \/>\nGyerekek (6-12 \u00e9vesek): 1 k\u00e1v\u00e9skan\u00e1lnyi balzsamot vigyen fel a mellkas, nyak, f\u00fcl alatti \u00e9s a h\u00e1t fels\u0151 ter\u00fclet\u00e9re 1x naponta.<br \/>\nFeln\u0151ttek (12 \u00e9ves kort\u00f3l): 1 k\u00e1v\u00e9skan\u00e1lnyi balzsamot vigyen fel a mellkas, nyak, f\u00fcl alatti \u00e9s a h\u00e1t fels\u0151 ter\u00fclet\u00e9re 2x naponta.<\/p>\n<p>Alkalmaz\u00e1s ut\u00e1n mosson kezet!<\/p>\n<p><strong>FIGYELMEZTET\u00c9S:<\/strong><br \/>\nKer\u00fclje a szemmel \u00e9s ny\u00e1lkah\u00e1rty\u00e1kkal val\u00f3 \u00e9rintkez\u00e9st.<br \/>\nNe alkalmazza 6 \u00e9v alatti gyermekekn\u00e9l.<br \/>\nNe alkalmazza v\u00e1rand\u00f3s \u00e9s szoptat\u00f3 kismam\u00e1kn\u00e1l.<br \/>\nNe alkalmazza, ha b\u00e1rmelyik \u00f6sszetev\u0151j\u00e9re allergi\u00e1s!<br \/>\nTartsa t\u00e1vol a kisgyermekekt\u0151l.<\/p>\n<p><strong>\u00d6SSZETEV\u0150K:<\/strong><\/p>\n<p>BIO ill\u00f3olajok: Eucalyptus radiata, Rosmarinus officinalis ct cineol, Gaultheria fragratissima , Thymus sateroides. Inula graveolens,<br \/>\nBIO n\u00f6v\u00e9nyi olajok: S\u00e1rgabarackmag olaj, Vajfa, Napraforg\u00f3mag olaj<\/p>\n<p>KISZEREL\u00c9S: 80 ml t\u00e9gely<\/p>\n","protected":false},"excerpt":{"rendered":"<p>Nyugtat\u00f3, l\u00e9gz\u00e9sk\u00f6nny\u00edt\u0151 balzsam, 100 %-os tisztas\u00e1g\u00fa bio ill\u00f3olajokkal.<br \/>\nV\u00edrus- \u00e9s bakt\u00e9rium\u00f6l\u0151 hat\u00e1s\u00e1nak k\u00f6sz\u00f6nhet\u0151en biztos\u00edtja az immunrendszer v\u00e9delm\u00e9t \u00e9s seg\u00edti a l\u00e9gz\u0151szervek gy\u00f3gyul\u00e1s\u00e1t.<\/p>\n<p><strong>Kiszerel\u00e9s: 80 ml<\/strong><\/p>\n","protected":false},"featured_media":939,"template":"","meta":{"ocean_post_layout":"","ocean_both_sidebars_style":"","ocean_both_sidebars_content_width":0,"ocean_both_sidebars_sidebars_width":0,"ocean_sidebar":"0","ocean_second_sidebar":"0","ocean_disable_margins":"enable","ocean_add_body_class":"","ocean_shortcode_before_top_bar":"","ocean_shortcode_after_top_bar":"","ocean_shortcode_before_header":"","ocean_shortcode_after_header":"","ocean_has_shortcode":"","ocean_shortcode_after_title":"","ocean_shortcode_before_footer_widgets":"","ocean_shortcode_after_footer_widgets":"","ocean_shortcode_before_footer_bottom":"","ocean_shortcode_after_footer_bottom":"","ocean_display_top_bar":"default","ocean_display_header":"default","ocean_header_style":"","ocean_center_header_left_menu":"0","ocean_custom_header_template":"0","ocean_custom_logo":0,"ocean_custom_retina_logo":0,"ocean_custom_logo_max_width":0,"ocean_custom_logo_tablet_max_width":0,"ocean_custom_logo_mobile_max_width":0,"ocean_custom_logo_max_height":0,"ocean_custom_logo_tablet_max_height":0,"ocean_custom_logo_mobile_max_height":0,"ocean_header_custom_menu":"0","ocean_menu_typo_font_family":"0","ocean_menu_typo_font_subset":"","ocean_menu_typo_font_size":0,"ocean_menu_typo_font_size_tablet":0,"ocean_menu_typo_font_size_mobile":0,"ocean_menu_typo_font_size_unit":"px","ocean_menu_typo_font_weight":"","ocean_menu_typo_font_weight_tablet":"","ocean_menu_typo_font_weight_mobile":"","ocean_menu_typo_transform":"","ocean_menu_typo_transform_tablet":"","ocean_menu_typo_transform_mobile":"","ocean_menu_typo_line_height":0,"ocean_menu_typo_line_height_tablet":0,"ocean_menu_typo_line_height_mobile":0,"ocean_menu_typo_line_height_unit":"","ocean_menu_typo_spacing":0,"ocean_menu_typo_spacing_tablet":0,"ocean_menu_typo_spacing_mobile":0,"ocean_menu_typo_spacing_unit":"","ocean_menu_link_color":"","ocean_menu_link_color_hover":"","ocean_menu_link_color_active":"","ocean_menu_link_background":"","ocean_menu_link_hover_background":"","ocean_menu_link_active_background":"","ocean_menu_social_links_bg":"","ocean_menu_social_hover_links_bg":"","ocean_menu_social_links_color":"","ocean_menu_social_hover_links_color":"","ocean_disable_title":"default","ocean_disable_heading":"default","ocean_post_title":"","ocean_post_subheading":"","ocean_post_title_style":"","ocean_post_title_background_color":"","ocean_post_title_background":0,"ocean_post_title_bg_image_position":"","ocean_post_title_bg_image_attachment":"","ocean_post_title_bg_image_repeat":"","ocean_post_title_bg_image_size":"","ocean_post_title_height":0,"ocean_post_title_bg_overlay":0.5,"ocean_post_title_bg_overlay_color":"","ocean_disable_breadcrumbs":"default","ocean_breadcrumbs_color":"","ocean_breadcrumbs_separator_color":"","ocean_breadcrumbs_links_color":"","ocean_breadcrumbs_links_hover_color":"","ocean_display_footer_widgets":"default","ocean_display_footer_bottom":"default","ocean_custom_footer_template":"0"},"product_cat":[19],"product_tag":[],"class_list":{"0":"post-938","1":"product","2":"type-product","3":"status-publish","4":"has-post-thumbnail","6":"product_cat-egyeb","8":"entry","9":"has-media","11":"first","12":"instock","13":"shipping-taxable","14":"purchasable","15":"product-type-simple","16":"has-product-nav","17":"col","18":"span_1_of_3","19":"owp-content-center","20":"owp-thumbs-layout-horizontal","21":"owp-btn-normal","22":"owp-tabs-layout-horizontal","23":"has-no-thumbnails"},"_links":{"self":[{"href":"https:\/\/annarom.hu\/index.php?rest_route=\/wp\/v2\/product\/938","targetHints":{"allow":["GET"]}}],"collection":[{"href":"https:\/\/annarom.hu\/index.php?rest_route=\/wp\/v2\/product"}],"about":[{"href":"https:\/\/annarom.hu\/index.php?rest_route=\/wp\/v2\/types\/product"}],"wp:featuredmedia":[{"embeddable":true,"href":"https:\/\/annarom.hu\/index.php?rest_route=\/wp\/v2\/media\/939"}],"wp:attachment":[{"href":"https:\/\/annarom.hu\/index.php?rest_route=%2Fwp%2Fv2%2Fmedia&parent=938"}],"wp:term":[{"taxonomy":"product_cat","embeddable":true,"href":"https:\/\/annarom.hu\/index.php?rest_route=%2Fwp%2Fv2%2Fproduct_cat&post=938"},{"taxonomy":"product_tag","embeddable":true,"href":"https:\/\/annarom.hu\/index.php?rest_route=%2Fwp%2Fv2%2Fproduct_tag&post=938"}],"curies":[{"name":"wp","href":"https:\/\/api.w.org\/{rel}","templated":true}]}}